{"id":6359,"date":"2025-03-21T16:29:15","date_gmt":"2025-03-21T20:29:15","guid":{"rendered":"https:\/\/museedelacotenord.ca\/?post_type=emploi&#038;p=6359"},"modified":"2026-04-24T13:58:32","modified_gmt":"2026-04-24T17:58:32","slug":"co-head-of-the-store-and-of-cultural-mediation-musee","status":"publish","type":"emploi","link":"https:\/\/museedelacotenord.ca\/en\/emploi\/co-head-of-the-store-and-of-cultural-mediation-musee\/","title":{"rendered":"Co-head of the store and of cultural mediation (Mus\u00e9e)"},"content":{"rendered":"<p><strong>JOB TITLE: CO-HEAD OF THE STORE\/CULTURAL MEDIATION<br \/>\nWORK LOCATION : Mus\u00e9e de la C\u00f4te-Nord<\/strong><\/p>\n<p><strong>SALARY OFFERED : <\/strong>$20.32\/hr and up, with experience, skills, and recognition of skills and qualifications.<\/p>\n<p><strong>SCHEDULE :<\/strong>\u00a0Temporary part-time position, 3 to 4 days per week. Starting June 25<sup>th<\/sup>, 2025, Tuesday to Sunday, from 10 AM to 5 PM.<\/p>\n<p><strong>DURATION :<\/strong> 13 weeks, from Saint-Jean-Baptiste Day to Labour Day, with a possible early start and extension into autumn.<\/p>\n<p><strong>DUTIES<\/strong><br \/>\nCollaborating with the head of the store and the education and cultural action officer, and under the supervision of the managing director, this role is responsible for responding to requests for room hire, helping prepare and host the Mus\u00e9e\u2019s events, and managing part of the store\u2019s operations.<\/p>\n<p><strong>CO-HEAD OF THE STORE<\/strong><strong><br \/>\n<\/strong>-Place orders, stock shelves, take inventory and monitor the store\u2019s products; inform the administrative secretary of payments.<\/p>\n<p>-Maintain relationships with the C\u00f4te-Nord\u2019s artisans and promote their products to customers.<\/p>\n<p>-Return consigned goods which generate little to no sales.<\/p>\n<p>-Check cash register records and balance them for deposits.<\/p>\n<p>-Collect admission fees from visitors and compile data.<\/p>\n<p>-Attend work meetings about professional development, and about any problems or challenges encountered in the course of duties for this position.<\/p>\n<p>-Carry out various related tasks to welcome visitors, ensure their comfort, ensure the store runs smoothly and keep the Mus\u00e9e clean and safe.<\/p>\n<p><strong>CULTURAL MEDIATION<\/strong><strong><br \/>\n<\/strong>Welcome visitors to the Mus\u00e9e according to the standards of an accredited museum institution.<br \/>\nCollaborating with the education officer, suggest, organize and host activities on the first Sunday of each month.<br \/>\nOrganize and host activities related to cultural programming: exhibition openings, conferences, film screenings, creative workshops, etc.<br \/>\nConduct guided tours of the permanent exhibition for school groups, travel groups and cruise lines.<br \/>\nConduct guided tours of temporary exhibitions for school groups.<\/p>\n<p><strong>REQUIRED SKILLS<\/strong><strong><br \/>\n<\/strong>-Very good knowledge of French and English, both spoken and written.<\/p>\n<p>-College degree in management, administration or history.<\/p>\n<p>-Basic accounting skills are an asset.<\/p>\n<p>-Familiarity with the Office suite.<\/p>\n<p><strong>REQUIRED ABILITIES AND QUALITIES<\/strong><\/p>\n<p>-An interest in history, archaeology, arts and cultural items (artwork, historical artifacts, local produce, etc.).<\/p>\n<p>-Knowledge of tourist attractions in the immediate region.<\/p>\n<p>-Interpersonal skills, and ability to listen to customers and suppliers.<\/p>\n<p>-Strong organizational skills and sense of initiative.<\/p>\n<p>-Public speaking skills.<\/p>\n<p>-Ability to work effectively in a team.<\/p>\n<p><strong>DESCRIPTION OF ONBOARDING, INITIAL TRAINING AND WORKPLACE SUPERVISION<\/strong><strong><br \/>\n<\/strong>The work of this role will be directly managed by the Mus\u00e9e\u2019s managing director, the head of the store and the education and cultural action officer, who will ensure workplace preparedness, monitoring and quality of work throughout the contract period.<br \/>\nThe job holder will also receive hands-on training that should enable them to provide a personalized welcome experience to visitors, manage store operations, and write attendance reports.<\/p>\n<p><strong>TRAINING OFFERED<\/strong><strong><br \/>\n<\/strong>Customer service (8 hours); event hosting techniques (8 hours); history of the C\u00f4te-Nord (3 hours); permanent exhibition hosting scenario in French and English (10 hours); temporary exhibition hosting scenario in French and English (5 hours)<\/p>\n<p><strong>CONTACT INFORMATION<\/strong><strong><br \/>\n<\/strong>Email a r\u00e9sum\u00e9 (CV) and a cover letter to:<br \/>\ndirection@mrcn.qc.ca<br \/>\nor turn in your printed documents at the Mus\u00e9e de la C\u00f4te-Nord reception desk, located at 500 Boulevard Laure, in Sept-\u00celes.<br \/>\nFull job description :<br \/>\n<a href=\"https:\/\/museedelacotenord.ca\/wp-content\/uploads\/2025\/03\/Poste-et-taches_Co-responsable-boutique-et-mediation-culturelle.pdf\">Poste et t\u00e2ches_Co-responsable boutique et m\u00e9diation culturelle<\/a><\/p>\n<p>&nbsp;<\/p>\n<p>&nbsp;<\/p>\n","protected":false},"excerpt":{"rendered":"<p>Collaborating with the head of the store and the education and cultural action officer, and under the supervision of the managing director, this role is responsible for responding to requests for room hire, helping prepare and host the Mus\u00e9e\u2019s events, and managing part of the store\u2019s operations.<\/p>\n","protected":false},"template":"","categorie-demploi":[36],"class_list":["post-6359","emploi","type-emploi","status-publish","hentry","categorie-demploi-part-time"],"acf":[],"yoast_head":"<!-- This site is optimized with the Yoast SEO plugin v25.7 - https:\/\/yoast.com\/wordpress\/plugins\/seo\/ -->\n<title>Co-head of the store and of cultural mediation (Mus\u00e9e) | Mus\u00e9e de la C\u00f4te-Nord<\/title>\n<meta name=\"robots\" content=\"index, follow, max-snippet:-1, max-image-preview:large, max-video-preview:-1\" \/>\n<link rel=\"canonical\" href=\"https:\/\/museedelacotenord.ca\/en\/emploi\/co-head-of-the-store-and-of-cultural-mediation-musee\/\" \/>\n<meta property=\"og:locale\" content=\"en_US\" \/>\n<meta property=\"og:type\" content=\"article\" \/>\n<meta property=\"og:title\" content=\"Co-head of the store and of cultural mediation (Mus\u00e9e) | Mus\u00e9e de la C\u00f4te-Nord\" \/>\n<meta property=\"og:description\" content=\"Collaborating with the head of the store and the education and cultural action officer, and under the supervision of the managing director, this role is responsible for responding to requests for room hire, helping prepare and host the Mus\u00e9e\u2019s events, and managing part of the store\u2019s operations.\" \/>\n<meta property=\"og:url\" content=\"https:\/\/museedelacotenord.ca\/en\/emploi\/co-head-of-the-store-and-of-cultural-mediation-musee\/\" \/>\n<meta property=\"og:site_name\" content=\"Mus\u00e9e de la C\u00f4te-Nord\" \/>\n<meta property=\"article:publisher\" content=\"https:\/\/web.facebook.com\/musee.cote.nord\/\" \/>\n<meta property=\"article:modified_time\" content=\"2026-04-24T17:58:32+00:00\" \/>\n<meta property=\"og:image\" content=\"https:\/\/museedelacotenord.ca\/wp-content\/uploads\/2025\/01\/museedelacotenord-share.jpg\" \/>\n\t<meta property=\"og:image:width\" content=\"1200\" \/>\n\t<meta property=\"og:image:height\" content=\"675\" \/>\n\t<meta property=\"og:image:type\" content=\"image\/jpeg\" \/>\n<meta name=\"twitter:card\" content=\"summary_large_image\" \/>\n<meta name=\"twitter:label1\" content=\"Est. reading time\" \/>\n\t<meta name=\"twitter:data1\" content=\"3 minutes\" \/>\n<script type=\"application\/ld+json\" class=\"yoast-schema-graph\">{\"@context\":\"https:\/\/schema.org\",\"@graph\":[{\"@type\":\"WebPage\",\"@id\":\"https:\/\/museedelacotenord.ca\/en\/emploi\/co-head-of-the-store-and-of-cultural-mediation-musee\/\",\"url\":\"https:\/\/museedelacotenord.ca\/en\/emploi\/co-head-of-the-store-and-of-cultural-mediation-musee\/\",\"name\":\"Co-head of the store and of cultural mediation (Mus\u00e9e) | Mus\u00e9e de la C\u00f4te-Nord\",\"isPartOf\":{\"@id\":\"https:\/\/museedelacotenord.ca\/en\/#website\"},\"datePublished\":\"2025-03-21T20:29:15+00:00\",\"dateModified\":\"2026-04-24T17:58:32+00:00\",\"breadcrumb\":{\"@id\":\"https:\/\/museedelacotenord.ca\/en\/emploi\/co-head-of-the-store-and-of-cultural-mediation-musee\/#breadcrumb\"},\"inLanguage\":\"en-US\",\"potentialAction\":[{\"@type\":\"ReadAction\",\"target\":[\"https:\/\/museedelacotenord.ca\/en\/emploi\/co-head-of-the-store-and-of-cultural-mediation-musee\/\"]}]},{\"@type\":\"BreadcrumbList\",\"@id\":\"https:\/\/museedelacotenord.ca\/en\/emploi\/co-head-of-the-store-and-of-cultural-mediation-musee\/#breadcrumb\",\"itemListElement\":[{\"@type\":\"ListItem\",\"position\":1,\"name\":\"Home\",\"item\":\"https:\/\/museedelacotenord.ca\/en\/\"},{\"@type\":\"ListItem\",\"position\":2,\"name\":\"Co-head of the store and of cultural mediation (Mus\u00e9e)\"}]},{\"@type\":\"WebSite\",\"@id\":\"https:\/\/museedelacotenord.ca\/en\/#website\",\"url\":\"https:\/\/museedelacotenord.ca\/en\/\",\"name\":\"Mus\u00e9e de la C\u00f4te-Nord\",\"description\":\"\",\"publisher\":{\"@id\":\"https:\/\/museedelacotenord.ca\/en\/#organization\"},\"potentialAction\":[{\"@type\":\"SearchAction\",\"target\":{\"@type\":\"EntryPoint\",\"urlTemplate\":\"https:\/\/museedelacotenord.ca\/en\/?s={search_term_string}\"},\"query-input\":{\"@type\":\"PropertyValueSpecification\",\"valueRequired\":true,\"valueName\":\"search_term_string\"}}],\"inLanguage\":\"en-US\"},{\"@type\":\"Organization\",\"@id\":\"https:\/\/museedelacotenord.ca\/en\/#organization\",\"name\":\"Mus\u00e9e de la C\u00f4te-Nord\",\"url\":\"https:\/\/museedelacotenord.ca\/en\/\",\"logo\":{\"@type\":\"ImageObject\",\"inLanguage\":\"en-US\",\"@id\":\"https:\/\/museedelacotenord.ca\/en\/#\/schema\/logo\/image\/\",\"url\":\"https:\/\/museedelacotenord.ca\/wp-content\/uploads\/2024\/10\/Logo.svg\",\"contentUrl\":\"https:\/\/museedelacotenord.ca\/wp-content\/uploads\/2024\/10\/Logo.svg\",\"width\":121,\"height\":65,\"caption\":\"Mus\u00e9e de la C\u00f4te-Nord\"},\"image\":{\"@id\":\"https:\/\/museedelacotenord.ca\/en\/#\/schema\/logo\/image\/\"},\"sameAs\":[\"https:\/\/web.facebook.com\/musee.cote.nord\/\",\"https:\/\/www.youtube.com\/channel\/UCn8cUNXXQ5W8qnuUIfjdsvQ\"]}]}<\/script>\n<!-- \/ Yoast SEO plugin. -->","yoast_head_json":{"title":"Co-head of the store and of cultural mediation (Mus\u00e9e) | Mus\u00e9e de la C\u00f4te-Nord","robots":{"index":"index","follow":"follow","max-snippet":"max-snippet:-1","max-image-preview":"max-image-preview:large","max-video-preview":"max-video-preview:-1"},"canonical":"https:\/\/museedelacotenord.ca\/en\/emploi\/co-head-of-the-store-and-of-cultural-mediation-musee\/","og_locale":"en_US","og_type":"article","og_title":"Co-head of the store and of cultural mediation (Mus\u00e9e) | Mus\u00e9e de la C\u00f4te-Nord","og_description":"Collaborating with the head of the store and the education and cultural action officer, and under the supervision of the managing director, this role is responsible for responding to requests for room hire, helping prepare and host the Mus\u00e9e\u2019s events, and managing part of the store\u2019s operations.","og_url":"https:\/\/museedelacotenord.ca\/en\/emploi\/co-head-of-the-store-and-of-cultural-mediation-musee\/","og_site_name":"Mus\u00e9e de la C\u00f4te-Nord","article_publisher":"https:\/\/web.facebook.com\/musee.cote.nord\/","article_modified_time":"2026-04-24T17:58:32+00:00","og_image":[{"width":1200,"height":675,"url":"https:\/\/museedelacotenord.ca\/wp-content\/uploads\/2025\/01\/museedelacotenord-share.jpg","type":"image\/jpeg"}],"twitter_card":"summary_large_image","twitter_misc":{"Est. reading time":"3 minutes"},"schema":{"@context":"https:\/\/schema.org","@graph":[{"@type":"WebPage","@id":"https:\/\/museedelacotenord.ca\/en\/emploi\/co-head-of-the-store-and-of-cultural-mediation-musee\/","url":"https:\/\/museedelacotenord.ca\/en\/emploi\/co-head-of-the-store-and-of-cultural-mediation-musee\/","name":"Co-head of the store and of cultural mediation (Mus\u00e9e) | Mus\u00e9e de la C\u00f4te-Nord","isPartOf":{"@id":"https:\/\/museedelacotenord.ca\/en\/#website"},"datePublished":"2025-03-21T20:29:15+00:00","dateModified":"2026-04-24T17:58:32+00:00","breadcrumb":{"@id":"https:\/\/museedelacotenord.ca\/en\/emploi\/co-head-of-the-store-and-of-cultural-mediation-musee\/#breadcrumb"},"inLanguage":"en-US","potentialAction":[{"@type":"ReadAction","target":["https:\/\/museedelacotenord.ca\/en\/emploi\/co-head-of-the-store-and-of-cultural-mediation-musee\/"]}]},{"@type":"BreadcrumbList","@id":"https:\/\/museedelacotenord.ca\/en\/emploi\/co-head-of-the-store-and-of-cultural-mediation-musee\/#breadcrumb","itemListElement":[{"@type":"ListItem","position":1,"name":"Home","item":"https:\/\/museedelacotenord.ca\/en\/"},{"@type":"ListItem","position":2,"name":"Co-head of the store and of cultural mediation (Mus\u00e9e)"}]},{"@type":"WebSite","@id":"https:\/\/museedelacotenord.ca\/en\/#website","url":"https:\/\/museedelacotenord.ca\/en\/","name":"Mus\u00e9e de la C\u00f4te-Nord","description":"","publisher":{"@id":"https:\/\/museedelacotenord.ca\/en\/#organization"},"potentialAction":[{"@type":"SearchAction","target":{"@type":"EntryPoint","urlTemplate":"https:\/\/museedelacotenord.ca\/en\/?s={search_term_string}"},"query-input":{"@type":"PropertyValueSpecification","valueRequired":true,"valueName":"search_term_string"}}],"inLanguage":"en-US"},{"@type":"Organization","@id":"https:\/\/museedelacotenord.ca\/en\/#organization","name":"Mus\u00e9e de la C\u00f4te-Nord","url":"https:\/\/museedelacotenord.ca\/en\/","logo":{"@type":"ImageObject","inLanguage":"en-US","@id":"https:\/\/museedelacotenord.ca\/en\/#\/schema\/logo\/image\/","url":"https:\/\/museedelacotenord.ca\/wp-content\/uploads\/2024\/10\/Logo.svg","contentUrl":"https:\/\/museedelacotenord.ca\/wp-content\/uploads\/2024\/10\/Logo.svg","width":121,"height":65,"caption":"Mus\u00e9e de la C\u00f4te-Nord"},"image":{"@id":"https:\/\/museedelacotenord.ca\/en\/#\/schema\/logo\/image\/"},"sameAs":["https:\/\/web.facebook.com\/musee.cote.nord\/","https:\/\/www.youtube.com\/channel\/UCn8cUNXXQ5W8qnuUIfjdsvQ"]}]}},"_links":{"self":[{"href":"https:\/\/museedelacotenord.ca\/en\/wp-json\/wp\/v2\/emploi\/6359","targetHints":{"allow":["GET"]}}],"collection":[{"href":"https:\/\/museedelacotenord.ca\/en\/wp-json\/wp\/v2\/emploi"}],"about":[{"href":"https:\/\/museedelacotenord.ca\/en\/wp-json\/wp\/v2\/types\/emploi"}],"wp:attachment":[{"href":"https:\/\/museedelacotenord.ca\/en\/wp-json\/wp\/v2\/media?parent=6359"}],"wp:term":[{"taxonomy":"categorie-demploi","embeddable":true,"href":"https:\/\/museedelacotenord.ca\/en\/wp-json\/wp\/v2\/categorie-demploi?post=6359"}],"curies":[{"name":"wp","href":"https:\/\/api.w.org\/{rel}","templated":true}]}}

Co-head of the store and of cultural mediation (Musée)

<p><strong>JOB TITLE: CO-HEAD OF THE STORE/CULTURAL MEDIATION<br />
WORK LOCATION : Musée de la Côte-Nord</strong></p>
<p><strong>SALARY OFFERED : </strong>$20.32/hr and up, with experience, skills, and recognition of skills and qualifications.</p>
<p><strong>SCHEDULE :</strong> Temporary part-time position, 3 to 4 days per week. Starting June 25<sup>th</sup>, 2025, Tuesday to Sunday, from 10 AM to 5 PM.</p>
<p><strong>DURATION :</strong> 13 weeks, from Saint-Jean-Baptiste Day to Labour Day, with a possible early start and extension into autumn.</p>
<p><strong>DUTIES</strong><br />
Collaborating with the head of the store and the education and cultural action officer, and under the supervision of the managing director, this role is responsible for responding to requests for room hire, helping prepare and host the Musée’s events, and managing part of the store’s operations.</p>
<p><strong>CO-HEAD OF THE STORE</strong><strong><br />
</strong>-Place orders, stock shelves, take inventory and monitor the store’s products; inform the administrative secretary of payments.</p>
<p>-Maintain relationships with the Côte-Nord’s artisans and promote their products to customers.</p>
<p>-Return consigned goods which generate little to no sales.</p>
<p>-Check cash register records and balance them for deposits.</p>
<p>-Collect admission fees from visitors and compile data.</p>
<p>-Attend work meetings about professional development, and about any problems or challenges encountered in the course of duties for this position.</p>
<p>-Carry out various related tasks to welcome visitors, ensure their comfort, ensure the store runs smoothly and keep the Musée clean and safe.</p>
<p><strong>CULTURAL MEDIATION</strong><strong><br />
</strong>Welcome visitors to the Musée according to the standards of an accredited museum institution.<br />
Collaborating with the education officer, suggest, organize and host activities on the first Sunday of each month.<br />
Organize and host activities related to cultural programming: exhibition openings, conferences, film screenings, creative workshops, etc.<br />
Conduct guided tours of the permanent exhibition for school groups, travel groups and cruise lines.<br />
Conduct guided tours of temporary exhibitions for school groups.</p>
<p><strong>REQUIRED SKILLS</strong><strong><br />
</strong>-Very good knowledge of French and English, both spoken and written.</p>
<p>-College degree in management, administration or history.</p>
<p>-Basic accounting skills are an asset.</p>
<p>-Familiarity with the Office suite.</p>
<p><strong>REQUIRED ABILITIES AND QUALITIES</strong></p>
<p>-An interest in history, archaeology, arts and cultural items (artwork, historical artifacts, local produce, etc.).</p>
<p>-Knowledge of tourist attractions in the immediate region.</p>
<p>-Interpersonal skills, and ability to listen to customers and suppliers.</p>
<p>-Strong organizational skills and sense of initiative.</p>
<p>-Public speaking skills.</p>
<p>-Ability to work effectively in a team.</p>
<p><strong>DESCRIPTION OF ONBOARDING, INITIAL TRAINING AND WORKPLACE SUPERVISION</strong><strong><br />
</strong>The work of this role will be directly managed by the Musée’s managing director, the head of the store and the education and cultural action officer, who will ensure workplace preparedness, monitoring and quality of work throughout the contract period.<br />
The job holder will also receive hands-on training that should enable them to provide a personalized welcome experience to visitors, manage store operations, and write attendance reports.</p>
<p><strong>TRAINING OFFERED</strong><strong><br />
</strong>Customer service (8 hours); event hosting techniques (8 hours); history of the Côte-Nord (3 hours); permanent exhibition hosting scenario in French and English (10 hours); temporary exhibition hosting scenario in French and English (5 hours)</p>
<p><strong>CONTACT INFORMATION</strong><strong><br />
</strong>Email a résumé (CV) and a cover letter to:<br />
direction@mrcn.qc.ca<br />
or turn in your printed documents at the Musée de la Côte-Nord reception desk, located at 500 Boulevard Laure, in Sept-Îles.<br />
Full job description :<br />
<a href="https://museedelacotenord.ca/wp-content/uploads/2025/03/Poste-et-taches_Co-responsable-boutique-et-mediation-culturelle.pdf">Poste et tâches_Co-responsable boutique et médiation culturelle</a></p>
<p>&nbsp;</p>
<p>&nbsp;</p>

<p>Collaborating with the head of the store and the education and cultural action officer, and under the supervision of the managing director, this role is responsible for responding to requests for room hire, helping prepare and host the Musée’s events, and managing part of the store’s operations.</p>

<!-- This site is optimized with the Yoast SEO plugin v25.7 - https://yoast.com/wordpress/plugins/seo/ -->
<title>Co-head of the store and of cultural mediation (Musée) | Musée de la Côte-Nord</title>
<meta name="robots" content="index, follow, max-snippet:-1, max-image-preview:large, max-video-preview:-1" />
<link rel="canonical" href="https://museedelacotenord.ca/en/emploi/co-head-of-the-store-and-of-cultural-mediation-musee/" />
<meta property="og:locale" content="en_US" />
<meta property="og:type" content="article" />
<meta property="og:title" content="Co-head of the store and of cultural mediation (Musée) | Musée de la Côte-Nord" />
<meta property="og:description" content="Collaborating with the head of the store and the education and cultural action officer, and under the supervision of the managing director, this role is responsible for responding to requests for room hire, helping prepare and host the Musée’s events, and managing part of the store’s operations." />
<meta property="og:url" content="https://museedelacotenord.ca/en/emploi/co-head-of-the-store-and-of-cultural-mediation-musee/" />
<meta property="og:site_name" content="Musée de la Côte-Nord" />
<meta property="article:publisher" content="https://web.facebook.com/musee.cote.nord/" />
<meta property="article:modified_time" content="2026-04-24T17:58:32+00:00" />
<meta property="og:image" content="https://museedelacotenord.ca/wp-content/uploads/2025/01/museedelacotenord-share.jpg" />
	<meta property="og:image:width" content="1200" />
	<meta property="og:image:height" content="675" />
	<meta property="og:image:type" content="image/jpeg" />
<meta name="twitter:card" content="summary_large_image" />
<meta name="twitter:label1" content="Est. reading time" />
	<meta name="twitter:data1" content="3 minutes" />
<script type="application/ld+json" class="yoast-schema-graph">{"@context":"https://schema.org","@graph":[{"@type":"WebPage","@id":"https://museedelacotenord.ca/en/emploi/co-head-of-the-store-and-of-cultural-mediation-musee/","url":"https://museedelacotenord.ca/en/emploi/co-head-of-the-store-and-of-cultural-mediation-musee/","name":"Co-head of the store and of cultural mediation (Musée) | Musée de la Côte-Nord","isPartOf":{"@id":"https://museedelacotenord.ca/en/#website"},"datePublished":"2025-03-21T20:29:15+00:00","dateModified":"2026-04-24T17:58:32+00:00","breadcrumb":{"@id":"https://museedelacotenord.ca/en/emploi/co-head-of-the-store-and-of-cultural-mediation-musee/#breadcrumb"},"inLanguage":"en-US","potentialAction":[{"@type":"ReadAction","target":["https://museedelacotenord.ca/en/emploi/co-head-of-the-store-and-of-cultural-mediation-musee/"]}]},{"@type":"BreadcrumbList","@id":"https://museedelacotenord.ca/en/emploi/co-head-of-the-store-and-of-cultural-mediation-musee/#breadcrumb","itemListElement":[{"@type":"ListItem","position":1,"name":"Home","item":"https://museedelacotenord.ca/en/"},{"@type":"ListItem","position":2,"name":"Co-head of the store and of cultural mediation (Musée)"}]},{"@type":"WebSite","@id":"https://museedelacotenord.ca/en/#website","url":"https://museedelacotenord.ca/en/","name":"Musée de la Côte-Nord","description":"","publisher":{"@id":"https://museedelacotenord.ca/en/#organization"},"potentialAction":[{"@type":"SearchAction","target":{"@type":"EntryPoint","urlTemplate":"https://museedelacotenord.ca/en/?s={search_term_string}"},"query-input":{"@type":"PropertyValueSpecification","valueRequired":true,"valueName":"search_term_string"}}],"inLanguage":"en-US"},{"@type":"Organization","@id":"https://museedelacotenord.ca/en/#organization","name":"Musée de la Côte-Nord","url":"https://museedelacotenord.ca/en/","logo":{"@type":"ImageObject","inLanguage":"en-US","@id":"https://museedelacotenord.ca/en/#/schema/logo/image/","url":"https://museedelacotenord.ca/wp-content/uploads/2024/10/Logo.svg","contentUrl":"https://museedelacotenord.ca/wp-content/uploads/2024/10/Logo.svg","width":121,"height":65,"caption":"Musée de la Côte-Nord"},"image":{"@id":"https://museedelacotenord.ca/en/#/schema/logo/image/"},"sameAs":["https://web.facebook.com/musee.cote.nord/","https://www.youtube.com/channel/UCn8cUNXXQ5W8qnuUIfjdsvQ"]}]}</script>
<!-- / Yoast SEO plugin. -->

Co-head of the store and of cultural mediation (Musée) | Musée de la Côte-Nord

Collaborating with the head of the store and the education and cultural action officer, and under the supervision of the managing director, this role is responsible for responding to requests for room hire, helping prepare and host the Musée’s events, and managing part of the store’s operations.

Musée de la Côte-Nord
